{"id":2020,"date":"2026-03-24T20:27:47","date_gmt":"2026-03-24T19:27:47","guid":{"rendered":"https:\/\/evantis.si\/?page_id=2020"},"modified":"2026-03-26T13:22:57","modified_gmt":"2026-03-26T12:22:57","slug":"politika-varstva-osebnih-podatkov","status":"publish","type":"page","link":"https:\/\/evantis.si\/index.php\/politika-varstva-osebnih-podatkov\/","title":{"rendered":"Politika varstva osebnih podatkov"},"content":{"rendered":"<div class=\"wpb-content-wrapper\"><p>[vc_row][vc_column][vc_column_text css=&#8221;&#8221;]<strong>Datum zadnje posodobitve:<\/strong> 22. 3. 2026<\/p>\n<p><strong>1. Upravljavec osebnih podatkov<\/strong><br \/>\nTa politika ureja obdelavo osebnih podatkov, ki jo izvaja podjetje Evarix d.o.o. (v nadaljevanju: organizator).<br \/>\nZa vsa vpra\u0161anja v zvezi z varstvom osebnih podatkov smo vam na voljo na e-naslovu info@evantis.si.<\/p>\n<p><strong>2. Obdelava osebnih podatkov<\/strong><br \/>\nOrganizator obdeluje osebne podatke, ki jih posameznik posreduje prostovoljno ob oddaji povpra\u0161evanja, sklenitvi sodelovanja ali komunikaciji z nami, ter dolo\u010dene podatke, ki nastanejo ob uporabi na\u0161e spletne strani. To vklju\u010duje predvsem osnovne identifikacijske in kontaktne podatke, podatke o vsebini komunikacije, podatke povezane s sodelovanjem ali projektom ter podatke o uporabi spletne strani, kot so interakcije in odzivi na vsebine. Ti podatki se obdelujejo v obsegu, ki je nujen za dosego posameznega namena.<\/p>\n<p><strong>3. Pravna podlaga<\/strong><br \/>\nOsebne podatke obdelujemo, kadar je to potrebno za izvajanje ali pripravo pogodbenega razmerja, izpolnjevanje zakonskih obveznosti, na podlagi va\u0161ega soglasja ali kadar za to obstaja na\u0161 zakoniti interes, kot je na primer poslovna komunikacija ali izbolj\u0161evanje storitev.<\/p>\n<p><strong>4. Namen obdelave<\/strong><br \/>\nPodatke uporabljamo za komunikacijo z vami, pripravo ponudb, izvedbo storitev in organizacijo dogodkov, pa tudi za podporo poslovnemu sodelovanju in izbolj\u0161evanje na\u0161ih storitev.<br \/>\nV primeru, da podate privolitev, lahko va\u0161e podatke uporabimo tudi za obve\u0161\u010danje o novostih, vsebinah in dogodkih. Prav tako lahko podatke obdelujemo za za\u0161\u010dito na\u0161ih pravnih interesov in re\u0161evanje morebitnih sporov.<\/p>\n<p><strong>5. Hramba podatkov<\/strong><br \/>\nOsebne podatke hranimo  toliko \u010dasa, kolikor je potrebno za dosego namena, zaradi katerega so bili zbrani, oziroma toliko \u010dasa, kot to zahtevajo veljavni predpisi. Podatki, povezani s pogodbenim sodelovanjem, se praviloma hranijo \u0161e dolo\u010deno obdobje po zaklju\u010dku sodelovanja, ra\u010dunovodski podatki pa v skladu z zakonodajo. Podatki, obdelovani na podlagi privolitve, se hranijo do njenega preklica. Po poteku obdobja hrambe se podatki izbri\u0161ejo ali anonimizirajo.<\/p>\n<p><strong>6. Posredovanje in dostop do podatkov<\/strong><br \/>\nDostop do osebnih podatkov imajo le poobla\u0161\u010dene osebe znotraj organizatorja ter pogodbeni partnerji, ki sodelujejo pri izvajanju storitev (na primer IT podpora, analitika, podizvajalci, ra\u010dunovodstvo, ponudniki marketinskih storitev ipd.). Ti partnerji lahko podatke obdelujejo izklju\u010dno v skladu z na\u0161imi navodili in so zavezani k varovanju zaupnosti. V dolo\u010denih primerih lahko pride do uporabe storitev ponudnikov izven Evropskega gospodarskega prostora, pri \u010demer organizator  zagotavlja ustrezne za\u0161\u010ditne ukrepe skladno z veljavno zakonodajo. Pogodbeni obdelovalci osebnih podatkov ne izna\u0161ajo v tretje dr\u017eave (izven dr\u017eav \u010dlanic Evropskega gospodarskega prostora \u2013 to so \u010dlanice EU ter Islandija, Norve\u0161ka in Liechtenstein). Izjema je storitev Mailchimp, ki pa spo\u0161tuje zahteve Zasebnostnega \u0161\u010dita EU-ZDA ter si prizadeva za najvi\u0161jo varnost hranjenih podatkov z razli\u010dnimi fizi\u010dnimi, tehni\u010dnimi in organizacijski ukrepi, kot so \u0161ifriranje spletnih povezav, prepre\u010devanje dostopa nepoobla\u0161\u010denim osebam, uporaba varnih gesel in prepre\u010devanje vdorov. Storitev Mailchimp spremlja uspe\u0161nost dostave poslanih e-sporo\u010dil z zbiranjem podatkov o odprtih sporo\u010dilih, klikih na povezave, e-po\u0161tnih odjemalcih in brskalnikih, pribli\u017eni lokaciji, IP-naslovu, prijavah in odjavah ter neuspe\u0161ni dostavi e-sporo\u010dila.<\/p>\n<p><strong>7. Fotografiranje in snemanje dogodkov<\/strong><br \/>\nNa dogodkih lahko organizator izvaja fotografiranje in snemanje za namene dokumentacije, promocije in predstavitve projektov.<br \/>\nZ udele\u017ebo na dogodku se udele\u017eenec \u0161teje za seznanjenega s to mo\u017enostjo. S sprejetjem Splo\u0161nih pogojev poslovanja udele\u017eenec potrjuje, da je seznanjen z mo\u017enostjo snemanja oziroma fotografiranja Dogodka in z mo\u017enostjo objave posnetka oziroma fotografij na spletnem mestu, platformi za online programe in v profil upravljalca na dru\u017ebenih omre\u017ejih (Facebook, Linkedin, Instagram). V primeru, da posameznik ne \u017eeli biti vklju\u010den v tak\u0161ne vsebine, lahko to predhodno pisno sporo\u010di.<\/p>\n<p><strong>8. Pravice posameznika<\/strong><br \/>\nVsak posameznik ima pravico do dostopa do svojih osebnih podatkov, njihovega popravka, izbrisa ali omejitve obdelave ter pravico do prenosljivosti podatkov in ugovora obdelavi.<br \/>\nKadar obdelava temelji na privolitvi, jo lahko posameznik kadarkoli prekli\u010de. To ne vpliva na zakonitost obdelave, ki se je izvajala do preklica.<\/p>\n<p><strong>9. Uveljavljanje pravic<\/strong><br \/>\nZahteve v zvezi z osebnimi podatki lahko posameznik po\u0161lje na info@evantis.si.<br \/>\nOrganizator si pridr\u017euje pravico, da za namen zanesljive identifikacije zahteva dodatne informacije. Za potrebe zanesljive identifikacije v primeru uveljavljanja pravic v zvezi z osebnimi podatki lahko od vas zahtevamo dodatne podatke, ukrepanje pa lahko zavrnemo le v primeru, da doka\u017eemo, da vas ne moremo zanesljivo identificirati. Na zahtevo bomo odgovorili brez nepotrebnega odla\u0161anja in najkasneje v zakonsko dolo\u010denem roku.<\/p>\n<p><strong>10. Omejitev odgovornosti<\/strong><br \/>\nOrganizator sprejema ustrezne tehni\u010dne in organizacijske ukrepe za varovanje osebnih podatkov, vendar ne more v celoti izklju\u010diti tveganj, povezanih s prenosom podatkov preko interneta.<br \/>\nUporaba spletne strani in posredovanje podatkov poteka na lastno odgovornost uporabnika.<\/p>\n<p><strong>11. Spremembe politike<\/strong><br \/>\nOrganizator si pridr\u017euje pravico do spremembe te politike varstva osebnih podatkov. Vsaka posodobitev bo objavljena na tej strani.<br \/>\n[\/vc_column_text][\/vc_column][\/vc_row]<\/p>\n<\/div>","protected":false},"excerpt":{"rendered":"<p>[vc_row][vc_column][vc_column_text css=&#8221;&#8221;]Datum zadnje posodobitve: 22. 3. 2026 1. Upravljavec osebnih podatkov Ta politika ureja obdelavo osebnih podatkov, ki jo izvaja podjetje Evarix d.o.o. (v nadaljevanju: organizator). Za vsa vpra\u0161anja v zvezi z varstvom osebnih podatkov smo vam na voljo na e-naslovu info@evantis.si. 2. Obdelava osebnih podatkov Organizator obdeluje osebne podatke, ki jih posameznik posreduje prostovoljno [&hellip;]<\/p>\n","protected":false},"author":1,"featured_media":0,"parent":0,"menu_order":0,"comment_status":"closed","ping_status":"closed","template":"page-templates\/template-fullwidth.php","meta":{"footnotes":""},"class_list":["post-2020","page","type-page","status-publish","hentry"],"_links":{"self":[{"href":"https:\/\/evantis.si\/index.php\/wp-json\/wp\/v2\/pages\/2020","targetHints":{"allow":["GET"]}}],"collection":[{"href":"https:\/\/evantis.si\/index.php\/wp-json\/wp\/v2\/pages"}],"about":[{"href":"https:\/\/evantis.si\/index.php\/wp-json\/wp\/v2\/types\/page"}],"author":[{"embeddable":true,"href":"https:\/\/evantis.si\/index.php\/wp-json\/wp\/v2\/users\/1"}],"replies":[{"embeddable":true,"href":"https:\/\/evantis.si\/index.php\/wp-json\/wp\/v2\/comments?post=2020"}],"version-history":[{"count":4,"href":"https:\/\/evantis.si\/index.php\/wp-json\/wp\/v2\/pages\/2020\/revisions"}],"predecessor-version":[{"id":2064,"href":"https:\/\/evantis.si\/index.php\/wp-json\/wp\/v2\/pages\/2020\/revisions\/2064"}],"wp:attachment":[{"href":"https:\/\/evantis.si\/index.php\/wp-json\/wp\/v2\/media?parent=2020"}],"curies":[{"name":"wp","href":"https:\/\/api.w.org\/{rel}","templated":true}]}}