{"id":3,"date":"2026-03-04T23:52:23","date_gmt":"2026-03-04T22:52:23","guid":{"rendered":"http:\/\/evantis.si\/?page_id=3"},"modified":"2026-03-26T12:52:03","modified_gmt":"2026-03-26T11:52:03","slug":"splosni-pogoji","status":"publish","type":"page","link":"https:\/\/evantis.si\/index.php\/splosni-pogoji\/","title":{"rendered":"Splo\u0161ni pogoji poslovanja"},"content":{"rendered":"<div class=\"wpb-content-wrapper\"><p>[vc_row][vc_column][vc_column_text css=&#8221;&#8221;]SPLO\u0160NI POGOJI POSLOVANJA<\/p>\n<p>Datum zadnje posodobitve: 22. 3. 2026<\/p>\n<p><strong>1. Splo\u0161no<\/strong><\/p>\n<p>Ti splo\u0161ni pogoji poslovanja (v nadaljevanju: Pogoji) urejajo uporabo spletne strani Evantis.si ter sodelovanje med podjetjem Evarix d.o.o. (v nadaljevanju: organizator) in naro\u010dniki oziroma uporabniki (v nadaljevanju: naro\u010dnik).<\/p>\n<p>Pogoji veljajo za vse storitve, ki jih organizator nudi, vklju\u010dno z:<\/p>\n<ul>\n<li>organizacijo dogodkov<\/li>\n<li>poslovnimi in zasebnimi dogodki<\/li>\n<li>svetovanjem, strategijo in konceptom<\/li>\n<li>marketin\u0161kimi in komunikacijskimi storitvami<\/li>\n<li>drugimi povezanimi storitvami<\/li>\n<\/ul>\n<p>Pogoji veljajo za:<\/p>\n<ul>\n<li>pravne osebe (B2B)<\/li>\n<li>fizi\u010dne osebe (B2C)<\/li>\n<\/ul>\n<p>Z oddajo povpra\u0161evanja, naro\u010dila ali uporabo spletne strani naro\u010dnik potrjuje, da je s temi pogoji seznanjen in se z njimi strinja.<\/p>\n<p><strong>2. Opredelitev pojmov<\/strong><br \/>\n<strong>Organizator \/ ponudnik<\/strong><br \/>\nje podjetje, ki nudi storitve organizacije dogodkov in marketinga.<br \/>\n<strong>Naro\u010dnik<\/strong><br \/>\nje vsaka fizi\u010dna ali pravna oseba, ki odda povpra\u0161evanje ali naro\u010dilo.<br \/>\n<strong>Storitev<\/strong><br \/>\npomeni vse storitve, ki jih Evantis ponuja (dogodki, strategija, marketing, izvedba ipd.).<br \/>\n<strong>Spletna stran<\/strong><br \/>\nje spletna stran www.evantis.si in vse druge pripadajo\u010de strain organizatorja.<br \/>\n<strong>Povpra\u0161evanje<\/strong><br \/>\nje vsaka oddaja interesa preko obrazca, e-po\u0161te ali drugega kanala.<\/p>\n<p><strong>3. Narava storitev<\/strong><br \/>\nStoritve blagovne znamke organizatorja so strokovne, kreativne in svetovalne narave.<br \/>\nOrganizator si prizadeva za visoko kakovost izvedbe, vendar:<\/p>\n<ul>\n<li>ne jam\u010di za specifi\u010dne poslovne, finan\u010dne ali kakrk\u0161ne koli druge rezultate<\/li>\n<li>kon\u010dni u\u010dinki dogodkov ali drugih aktivnosti so odvisni od \u0161tevilnih dejavnikov, na katere organizator nima neposrednega vpliva<\/li>\n<li>Vse vsebine, predlogi in koncepti so namenjeni podpori naro\u010dniku, kon\u010dne odlo\u010ditve pa sprejema naro\u010dnik.<\/li>\n<\/ul>\n<p><strong>4. Sodelovanje in naro\u010dilo<\/strong><br \/>\nOddaja povpra\u0161evanja ali komunikacija z organizatorjem ne pomeni sklenitve pogodbe.<br \/>\nSodelovanje se \u0161teje za potrjeno:<\/p>\n<ul>\n<li>ob potrditvi ponudbe<\/li>\n<li>ali podpisu pogodbe<\/li>\n<li>ali drugi jasno izra\u017eeni potrditvi obeh strani<\/li>\n<\/ul>\n<p>Organizator si pridr\u017euje pravico:<\/p>\n<ul>\n<li>zavrniti sodelovanje brez obrazlo\u017eitve<\/li>\n<li>prilagoditi obseg storitev<\/li>\n<li>spremeniti ponudbo pred potrditvijo<\/li>\n<\/ul>\n<p><strong>5. Cene in pla\u010dila<\/strong><br \/>\nCene storitev se dolo\u010dijo v individualni ponudbi.<br \/>\nOrganizator si pridr\u017euje pravico:<\/p>\n<p>do spremembe cen do potrditve naro\u010dila<br \/>\ndo pogojevanja izvedbe s predpla\u010dilom<br \/>\nNaro\u010dnik je dol\u017ean poravnati obveznosti v dogovorjenih rokih.<br \/>\nV primeru zamude si organizator pridr\u017euje pravico:<\/p>\n<p>do zamudnih obresti<br \/>\ndo za\u010dasne ustavitve izvedbe<\/p>\n<p><strong>6. Odpovedi in spremembe<\/strong><br \/>\nPogoji odpovedi se lahko razlikujejo glede na posamezen projekt ali dogodek in so dolo\u010deni v ponudbi ali pogodbi.<\/p>\n<p>\u010ce ni druga\u010de dolo\u010deno:<\/p>\n<ul>\n<li>mora biti odpoved podana pisno<\/li>\n<li>Organizator si pridr\u017euje pravico do zara\u010dunavanja \u017ee nastalih stro\u0161kov<\/li>\n<\/ul>\n<p>Organizator si pridr\u017euje pravico do spremembe ali odpovedi dogodka zaradi:<\/p>\n<ul>\n<li>vi\u0161je sile<\/li>\n<li>logisti\u010dnih ali organizacijskih razlogov<\/li>\n<li>drugih nepredvidenih okoli\u0161\u010din<\/li>\n<li>V zgoraj navedenih primerih odpovedi vse dotedanje stro\u0161ke nosi&nbsp; naro\u010dnik.<\/li>\n<\/ul>\n<p>&nbsp;<\/p>\n<p><strong>7. Fotografiranje in uporaba vsebin<\/strong><br \/>\nOrganizator &nbsp;si pridr\u017euje pravico do fotografiranja in snemanja dogodkov za:<\/p>\n<ul>\n<li>promocijske<\/li>\n<li>komunikacijske<\/li>\n<li>referen\u010dne nameneZ udele\u017ebo na dogodku se udele\u017eenec oz vsi udelezenci, ki jih na dogodek povabi naro\u010dnik strinja\/strinjajo z mo\u017enostjo uporabe posnetkov. Odgovornost za udele\u017eence, povabljene s strain naro\u010dnika, nosi in obdeluje naaro\u010dnik v celoti sam.&nbsp; V kolikor se posameznik oz. naro\u010dnik s tem ne strinja, mora to predhodno pisno sporo\u010diti.<\/li>\n<\/ul>\n<p><strong>8. Intelektualna lastnina<\/strong><br \/>\nVsa vsebina (koncepti, vizualne re\u0161itve, besedila, ideje, materiali) je last organizatorja ali njegovih partnerjev.<\/p>\n<p>Brez pisnega dovoljenja:<\/p>\n<p>ni dovoljena uporaba<br \/>\nkopiranje ali distribucija<br \/>\nuporaba v komercialne namene<\/p>\n<p><strong>9. Omejitev odgovornosti<\/strong><br \/>\nOrganizator ne odgovarja za:<\/p>\n<ul>\n<li>poslovne odlo\u010ditve naro\u010dnika<\/li>\n<li>rezultate dogodkov ali aktivnosti<\/li>\n<li>posredno ali neposredno \u0161kodo<\/li>\n<\/ul>\n<p>Odgovornost organizatorja je omejena v najve\u010dji meri, kot jo dopu\u0161\u010da zakonodaja. Uporaba storitev in vse aktivnosti na samem dogodku potekajo na lastno odgovornost naro\u010dnika in njegovih udele\u017eencev. Varnost udele\u017eencev je v odgovornosti naro\u010dnika.<\/p>\n<p><strong>10. Spletna stran<\/strong><br \/>\nOrganizator ne jam\u010di za:<\/p>\n<ul>\n<li>popolno to\u010dnost informacij<\/li>\n<li>nemoteno delovanje spletne strani<\/li>\n<\/ul>\n<p>Spletna stran se uporablja na lastno odgovornost uporabnika. Vsebina je informativne narave, slike so simboli\u010dne in nekatere generirane z ai programi.<\/p>\n<p><strong>11. Posebne dolo\u010dbe za potro\u0161nike (B2C)<\/strong><br \/>\nFizi\u010dne osebe imajo pravice v skladu z veljavno zakonodajo (ZVPot), vklju\u010dno s pravico do odstopa od pogodbe, kadar je to zakonsko dolo\u010deno. Za storitve, ki so izvedene v celoti ali prilagojene naro\u010dniku, pravica do odstopa lahko ne velja.<\/p>\n<p><strong>12. Varstvo podatkov<\/strong><br \/>\nObdelava osebnih podatkov poteka v skladu s Politiko zasebnosti, ki je objavljena na spletni strani.<\/p>\n<p><strong>13. Spremembe pogojev<\/strong><br \/>\nOrganizator &nbsp;si pridr\u017euje pravico do spremembe teh pogojev kadarkoli. Veljavna verzija je vedno objavljena na spletni strani. Z nadaljnjo uporabo storitev ali spletne strani se \u0161teje, da se uporabnik s spremembami strinja.<\/p>\n<p><strong>14. Kon\u010dne dolo\u010dbe<\/strong><br \/>\nTi pogoji predstavljajo celoten dogovor med organizatorjem in naro\u010dnikom. Za vse spore velja pravo Republike Slovenije. Pristojno je sodi\u0161\u010de v Sloveniji.[\/vc_column_text][\/vc_column][\/vc_row]<\/p>\n<\/div>","protected":false},"excerpt":{"rendered":"<p>[vc_row][vc_column][vc_column_text css=&#8221;&#8221;]SPLO\u0160NI POGOJI POSLOVANJA Datum zadnje posodobitve: 22. 3. 2026 1. Splo\u0161no Ti splo\u0161ni pogoji poslovanja (v nadaljevanju: Pogoji) urejajo uporabo spletne strani Evantis.si ter sodelovanje med podjetjem Evarix d.o.o. (v nadaljevanju: organizator) in naro\u010dniki oziroma uporabniki (v nadaljevanju: naro\u010dnik). Pogoji veljajo za vse storitve, ki jih organizator nudi, vklju\u010dno z: organizacijo dogodkov poslovnimi in [&hellip;]<\/p>\n","protected":false},"author":1,"featured_media":0,"parent":0,"menu_order":0,"comment_status":"closed","ping_status":"open","template":"page-templates\/template-fullwidth.php","meta":{"footnotes":""},"class_list":["post-3","page","type-page","status-publish","hentry"],"_links":{"self":[{"href":"https:\/\/evantis.si\/index.php\/wp-json\/wp\/v2\/pages\/3","targetHints":{"allow":["GET"]}}],"collection":[{"href":"https:\/\/evantis.si\/index.php\/wp-json\/wp\/v2\/pages"}],"about":[{"href":"https:\/\/evantis.si\/index.php\/wp-json\/wp\/v2\/types\/page"}],"author":[{"embeddable":true,"href":"https:\/\/evantis.si\/index.php\/wp-json\/wp\/v2\/users\/1"}],"replies":[{"embeddable":true,"href":"https:\/\/evantis.si\/index.php\/wp-json\/wp\/v2\/comments?post=3"}],"version-history":[{"count":6,"href":"https:\/\/evantis.si\/index.php\/wp-json\/wp\/v2\/pages\/3\/revisions"}],"predecessor-version":[{"id":2042,"href":"https:\/\/evantis.si\/index.php\/wp-json\/wp\/v2\/pages\/3\/revisions\/2042"}],"wp:attachment":[{"href":"https:\/\/evantis.si\/index.php\/wp-json\/wp\/v2\/media?parent=3"}],"curies":[{"name":"wp","href":"https:\/\/api.w.org\/{rel}","templated":true}]}}